ors of g?
3, 11, 13
Let h(s) = -s**3 + 15*s**2 + 13*s - 3. Let p be h(11). Suppose -g = i - 158 + 36, 5*i - p = 2*g. What are the prime factors of i?
2, 31
Suppose 3*b + 10 = 2*t, 5*t = 2*b + 10 + 15. Suppose 4*w = -t + 101. What are the prime factors of ((-56)/w)/((-1)/21)?
7
Let b(c) = -c**3 + 6*c**2 + 4*c - 20. Let w be b(6). Suppose 5*d = 4*j + 124, 2*d = 6*d + w*j - 92. What are the prime factors of d?
2, 3
Let p(r) = 3*r**2 - 19*r + 139. What are the prime factors of p(16)?
3, 67
Let p = 17 + 6. Let w be p/5 + (-22)/(-55). Let m(t) = 3*t + 6. What are the prime factors of m(w)?
3, 7
Suppose -g - 108 + 432 = 3*w, 0 = g + 4*w - 322. Suppose 0 = 22*n - 28*n + g. List the prime factors of n.
5, 11
Suppose 5*b = 5*r - 65 - 640, 5*r + 5*b = 665. What are the prime factors of r?
137
Let y be 84/9*(-21)/(-14). List the prime factors of 14*(-3 - y/(-4)).
7
Let w = 15 - 11. What are the prime factors of 6/(6/91) - w/2?
89
Let n(h) = 602*h - 12. What are the prime factors of n(1)?
2, 5, 59
Suppose 206*y + 16225 = 217*y. List the prime factors of y.
5, 59
Let y = 577 + -104. What are the prime factors of y?
11, 43
Let r(j) = -j**2 - 8*j - 3. Let b be r(-7). Suppose 0 = -5*f - b*m + 40, f - m + 1 = -0. Suppose f*q - 22 - 78 = 0. What are the prime factors of q?
5
Suppose -634*s + 6 = -631*s. Suppose 2*r = 6*r, -2*x + r + 80 = 0. Let t = x - s. What are the prime factors of t?
2, 19
Suppose 4*v = v + 12. List the prime factors of (-12)/v + 72 + 1.
2, 5, 7
Let s = 7823 + -3471. List the prime factors of s.
2, 17
List the prime factors of 1/(-4)*(-8657 - -133).
2131
Let r = -627 + 1182. List the prime factors of r.
3, 5, 37
Suppose -33504 = 11*j - 23*j. List the prime factors of j.
2, 349
Let k(y) = -6*y**3 - 1. Let c be 9/(-6) + (-1)/(-2). Let h be k(c). Suppose -3*z + 6*z = 3*a + 96, h*z - a = 168. What are the prime factors of z?
2, 17
Let r = 29 - -119. Suppose 2*g - l = -166, -2*g + 4*l + 0*l = 172. Let d = g + r. What are the prime factors of d?
2, 3, 11
Let l = -313 + 540. List the prime factors of l.
227
Suppose 0 = 16*q - 5*q - 1650. List the prime factors of q.
2, 3, 5
Let v = 2738 - -893. What are the prime factors of v?
3631
Let n = -3302 + 5896. List the prime factors of n.
2, 1297
Let l(x) be the first derivative of 4*x**2 + 3*x - 16. What are the prime factors of l(6)?
3, 17
Let t be (-2044)/35 + 6/(-10). Let b = 6 - t. List the prime factors of b.
5, 13
Let q = 41 - 12. Let h = q + 3. List the prime factors of h.
2
Let u = -699 - -833. What are the prime factors of u?
2, 67
Suppose s - 2 = -o + 3, s - 20 = -4*o. Suppose s*f - 8 = -4*f. Let m(k) = 4*k**2 + 3*k - 2. What are the prime factors of m(f)?
2, 5
Let m(u) = 71*u - 14. Let v be m(4). Let z = v - 117. What are the prime factors of z?
3, 17
Let k = 404 + -12. List the prime factors of k.
2, 7
Let v = 26 - 31. What are the prime factors of (4/v)/(-4 - (-1556)/390)?
2, 3, 13
Let v(k) = 57*k - 137. List the prime factors of v(18).
7, 127
Suppose -3*x - x + 8 = 0. Suppose 0 = 3*f + 2*t - 319, -x*t - t = 3*f - 321. What are the prime factors of f?
3, 5, 7
Let f be (3/4 - (-2)/8)*12. List the prime factors of (f/8)/(15/1300).
2, 5, 13
Suppose 5*a = 3*w + 266, -2*w = 3*a - 29 - 123. What are the prime factors of a?
2, 13
Suppose 2*f = c - 452, 1336 = 3*c - 4*f + 2*f. Let h = c - 200. Suppose -h + 10 = -4*u. List the prime factors of u.
2, 29
Let a(w) = w**2 - 9*w + 7. Let b be a(3). Let f(h) = -2*h**2 - 13*h + 8. Let y be f(b). Let g = y - -132. What are the prime factors of g?
41
List the prime factors of (6186 + 3)*(-2)/(-6).
2063
Suppose -863 = -7*m + 600. Let n = m - 133. Suppose -n = -4*v + 2*d, v + 19 = 2*v - 2*d. What are the prime factors of v?
19
Let q(t) = 167*t**2 + 22*t - 2. What are the prime factors of q(2)?
2, 5, 71
Suppose 5*t - 106 = -2*d + 141, -5*t = d - 246. List the prime factors of t.
7
Let c(j) = 4*j - 10. Let x be c(4). Suppose 7*w = -5*g + 2*w, 0 = -5*g - 2*w + x. Suppose 0*p + r - 18 = -2*p, -4*p + g*r + 28 = 0. List the prime factors of p.
2
Let t(r) be the first derivative of -r**3/2 + r**2 + 6*r + 4. Let n(q) be the first derivative of t(q). What are the prime factors of n(-1)?
5
Suppose -3*w - 5*r = -0*w - 11980, -2*r = w - 3994. What are the prime factors of w?
2, 3, 5, 7, 19
Let l(g) = g - 3. Let z be l(4). Let c(b) = b**3 - 4*b + 3. Let a be c(z). Suppose 25*t - 23*t - 98 = a. What are the prime factors of t?
7
Let d = 2266 + -435. What are the prime factors of d?
1831
Let q = -15 - -5. List the prime factors of (-4)/q + (-1824)/(-40).
2, 23
Let z be (12/10)/((-6)/(-20)). Let q be (-1)/(1/1) - -5. Suppose -38 = -2*k + q*g, z*k + g = 3*k + 34. List the prime factors of k.
29
Let x = 16 + -5. List the prime factors of (-1 - x)*3/(-2).
2, 3
Let h(r) = -32*r - 20. Let i be h(-7). Suppose 43*m - i = 39*m. List the prime factors of m.
3, 17
Let q be (-8)/(-60)*33*10. Suppose 2*v = -3*j - 20 + 83, -4*j + q = v. What are the prime factors of v?
2, 3
Suppose 41*w = 18*w + 19527. List the prime factors of w.
3, 283
Let d = -229 - -616. List the prime factors of d.
3, 43
Let i(j) = 11*j**2 + 44*j**3 - 23*j**3 - 14 - 12*j - 20*j**3. List the prime factors of i(-9).
2
Let f(c) = 44*c**2 - c - 9. Let r be f(3). Suppose 6*g - 14*g = -r. What are the prime factors of g?
2, 3
Suppose -h = -4*t, 0 - 4 = -2*h + 4*t. Suppose -3*u + 3*k + 202 = 4*k, -4*u + h*k = -264. List the prime factors of u.
67
Let b(f) = -14*f - 23. Let a be b(-3). Suppose a*k = 16*k + 399. What are the prime factors of k?
7, 19
Let v(p) be the first derivative of p**4/4 - p**3/3 + 3*p**2/2 + 6*p + 9. List the prime factors of v(4).
2, 3, 11
Let n(a) be the third derivative of a**4/8 - a**3/6 - 5*a**2. Let s(t) = t. Let v(b) = -n(b) + 5*s(b). List the prime factors of v(9).
19
Let j(s) = -s**3 + 4*s**2 + 5*s - 6. Let k be j(5). Let l be (-14)/(-4)*k/(-3). Let q(m) = m**3 - 6*m**2 - 7*m + 9. List the prime factors of q(l).
3
Let v(g) = g**2 - 7*g - 8. Let d be v(9). Suppose -5*m + 2*c + 444 = -0*c, 5*c + d = 0. Suppose -m = u - 5*u. List the prime factors of u.
2, 11
Let b = 30 - 103. List the prime factors of 1/2 + b/(-2).
37
Let c(r) = r**2 + r - 6. Let j be 18/4 - 1/2. Let y be c(j). Suppose y*a - 15*a = -28. What are the prime factors of a?
2, 7
Let r(c) = -4*c**2 - 8*c - 12. Let z be r(-5). What are the prime factors of (-4)/18 - (-6884)/z*-2?
191
Suppose f - 1232 = -7*f. What are the prime factors of f?
2, 7, 11
Suppose 20 = -3*s - s, y - 265 = -4*s. List the prime factors of y.
3, 5, 19
Let h = -24 + 19. Let z = h + 5. Suppose 14 - 5 = 3*q, 5*n + 4*q - 282 = z. List the prime factors of n.
2, 3
Suppose 4*x = 2*x + 12. Suppose 15 = 3*s - r, 0 = -2*r + r. List the prime factors of (-22 - 0)*(s - x).
2, 11
Suppose 0 = -5*u - 107 - 28. Let b = 5 - u. Suppose 4*t - 28 = b. What are the prime factors of t?
3, 5
List the prime factors of (2 + -676)*8/(-16).
337
Let t(q) = -q**2 + 23*q + 46. Suppose 0*h + 15 = 5*h, 2*f + 4*h = 54. List the prime factors of t(f).
2, 11
Suppose -26*f + 5559 = 3*b - 31*f, 0 = -4*b - 2*f + 7412. What are the prime factors of b?
17, 109
Suppose -10*o - 4068 = -19*o. List the prime factors of o.
2, 113
Let s = -923 - -1135. List the prime factors of s.
2, 53
Suppose 22*j - 2608 = 14*j. List the prime factors of j.
2, 163
Let v = 1156 - 561. Suppose -429 - v = -8*d. List the prime factors of d.
2
Let f(l) = 7*l**2 - 93*l - 128. What are the prime factors of f(34)?
2, 7
What are the prime factors of 18/(-27)*24828/(-8)?
2069
Let z(h) = h**3 + 7*h**2 - 9*h - 8. Let c = 24 + -32. Let p be z(c). Suppose p = 5*y + 45 - 275. List the prime factors of y.
2, 23
Suppose -7*t + 2*t = -540. Suppose -2*r + g - 6*g + 201 = 0, r - 5*g = t. What are the prime factors of r?
103
Let m(d) = 12*d - 128. What are the prime factors of m(24)?
2, 5
Let n = -391 + 468. Suppose -c + 93 = -4*c. Let x = n + c. What are the prime factors of x?
2, 23
Let u(o) be the second derivative of 3*o**5/20 - o**4/24 + o**3/6 - o**2 + 6*o. Let r(h) be the first derivative of u(h). List the prime factors of r(-2).
3, 13
Let v(t) = -6*t - 55. List the prime factors of v(-21).
71
Let t(q) = -26*q**3 + 2*q + 1. Let a = 13 - 10. Suppose 2*j + 5*x = -12, 0*j + 4 = 2*j - a*x. What are the prime factors of t(j)?
5
Let d(c)